e the prime factors of b?
3
Let h = -46 + 79. What are the prime factors of h?
3, 11
Let m = 54 + 2. What are the prime factors of m?
2, 7
Suppose a + 51 = h - 27, -5*a = 15. Suppose 0 = -10*m + 5*m + h. List the prime factors of m.
3, 5
Let r(q) = q**3 - 11*q**2 - 13*q + 14. Let f(i) = i**3 + 7*i**2 + 4*i. Let w be f(-6). What are the prime factors of r(w)?
2
Let g(z) = -z**2 + 3*z + 5. Let i be g(4). What are the prime factors of (i - 1) + (-100)/(-4)?
5
Let j(h) = -h - 6. Let r be j(-5). List the prime factors of 16/4 - (-1)/r.
3
Suppose -2*k = 2*i - 4*i - 58, 5*k + i - 115 = 0. What are the prime factors of k?
2, 3
Let k(o) = -o**3 - 10*o**2 + 15*o + 16. Let t be k(-11). What are the prime factors of (-3 - t/8)*66?
3, 11
Suppose -3*f + 8 = f. Suppose -3*g + f*g - a = -10, 0 = -a - 5. List the prime factors of g.
3, 5
Suppose 7*y = 5*y + 124. What are the prime factors of y?
2, 31
Let m be 1/1*(1 - -1). Suppose 3*a + 4*q + 20 = 0, 3*q = -3*a - m*a - 26. List the prime factors of a/16 - (-17)/4.
2
Let z be 315/4 - 7/(-28). Let q = -29 + z. What are the prime factors of q?
2, 5
Let w(d) = -8*d - 5. What are the prime factors of w(-3)?
19
List the prime factors of (12/(-30))/((-2)/440).
2, 11
Let q(l) = -6*l. Suppose 4*y - 6*y + 20 = 0. Suppose -2*d - 3*w - 9 = y, -d - w = 7. What are the prime factors of q(d)?
2, 3
Suppose -4*x + 4*u = -16, x + u + 3*u + 11 = 0. What are the prime factors of 5 - (x + 1 + -1)?
2
List the prime factors of 5 - 5 - (-165 + -1).
2, 83
Suppose -2*a = -5*a - 9. Let b(m) = -6*m**3. Let q be b(1). Let k = a - q. What are the prime factors of k?
3
What are the prime factors of (-14)/((20/(-8))/5)?
2, 7
Suppose -24 = 4*t - 8. What are the prime factors of (28/(-6))/(t/6)?
7
Let m = 1 - 1. Suppose p = -u - 0*p + 6, -u - 4*p - 9 = m. What are the prime factors of u?
11
Let k(b) = 4*b**2. Let x be k(-1). Suppose x*q - 3*z = 11, -2 = q - z + 5*z. List the prime factors of q.
2
Suppose 3*d + 2*d = -2*h + 406, -5*h + 2*d + 1044 = 0. What are the prime factors of h?
2, 13
Suppose c + 12 = -0*c. Let b = -17 - c. Let d = 13 + b. What are the prime factors of d?
2
Suppose 0*t + 3*t + 27 = 0. Let j(a) = a. Let q(x) = -2*x - 1. Let l(k) = -5*j(k) - 2*q(k). List the prime factors of l(t).
11
Suppose -14 = -4*a - w + 4*w, 4*w = a + 3. Suppose -a*f + 91 = -9. List the prime factors of f.
2, 5
Suppose 5*o - 134 = 1. What are the prime factors of o?
3
Suppose 2*w - 26 = -0*w. Let a be 1/(1/(-3)) - 0. List the prime factors of -2*1 + a + w.
2
Suppose 2 = -j + 10. What are the prime factors of j?
2
Let s(d) = -2*d**2 - 2 + 5*d**2 - 17*d + 23*d. What are the prime factors of s(-5)?
43
Suppose 36 = -u + 2*u. What are the prime factors of u?
2, 3
Suppose 5*n = -5*l + 110, -2*n + 0*n = 4*l - 44. List the prime factors of n.
2, 11
Suppose m - 3*m + 44 = 2*y, 2*m - 2*y - 48 = 0. What are the prime factors of m?
23
Let b(s) = -4*s + 2. Let h be b(-8). Suppose h = 4*m - 6. List the prime factors of m.
2, 5
Let f(z) = 4*z + 7. Let w be f(3). Suppose 5*n + w = 6*n. List the prime factors of n.
19
Let j(t) = 2*t**2 + 5*t - 7. List the prime factors of j(-5).
2, 3
Suppose l + 30 = -t, 5*l - 4*l + 3*t = -28. Let y = 6 + -18. Let p = y - l. What are the prime factors of p?
19
Suppose -3*q + 15 = 0, 2*j - 3*j + 3*q = -61. List the prime factors of j.
2, 19
Suppose 8*d + 74 = 9*d. What are the prime factors of d?
2, 37
Let g(b) = b**2 + 10*b + 1. What are the prime factors of g(-11)?
2, 3
Suppose 0 + 8 = 4*h. Let s be (1 + -1 - h)*-1. What are the prime factors of 12*-2*s/(-4)?
2, 3
Let m(o) = o**3 - 3*o**2 - o + 4. Let w be m(3). What are the prime factors of ((-10)/8)/(w/(-4))?
5
Let u(i) = -3*i - 6. Let o be u(-7). Suppose 0*a - 3*a = o. Let j = a - -8. What are the prime factors of j?
3
Suppose 130 = -4*p - 3*j, -p - 41 = -j - 5. What are the prime factors of 4/(-16) - p/8?
2
Suppose -4*u - 5 = -9*u. Let y(h) = 12*h + 1. What are the prime factors of y(u)?
13
Suppose -4*u = -3*u - 5. Suppose t - u*t = -64. List the prime factors of (81/12)/(6/t).
2, 3
What are the prime factors of 88*(-2 - (-78)/12)?
2, 3, 11
Let x(b) = -2*b - 8 - b**2 - 8*b + 0. Suppose -3*n = -n + 16. List the prime factors of x(n).
2
Suppose 0 = 3*b + 1 - 10. Suppose -5*d + d + 5*w = -12, 0 = -5*d - 3*w + 15. Suppose 4 + 4 = -d*t + 4*z, -b*t + 5*z = 13. What are the prime factors of t?
2
Let h = 14 + -8. Let m(k) = -2*k**2 + 7*k + 8. Let x be m(h). Let p = 36 + x. List the prime factors of p.
2, 7
Let r = -8 - -53. What are the prime factors of r?
3, 5
Suppose 4*v = -m - 33, 3*m - 4*v + 23 + 12 = 0. Suppose 6*l - 44 = t + 2*l, 5*t = -2*l - 132. Let i = m - t. List the prime factors of i.
11
Suppose 0 = -u + 2. Let r = 4 - u. List the prime factors of r.
2
What are the prime factors of (12/4)/1 - -9?
2, 3
Suppose -3*m + r - 202 = -0*m, -310 = 5*m + 5*r. List the prime factors of 2/7 - m/14.
5
Suppose -3*w + 24 = 5*z - 88, 3*z = w - 14. What are the prime factors of w?
29
Suppose 130 = 4*t + 3*j, 4*t - 8*t - 5*j + 134 = 0. List the prime factors of t.
31
Suppose 24 = 2*g - 16. List the prime factors of g.
2, 5
List the prime factors of 61 + (5 - (1 - 8/(-4))).
3, 7
Let d = -2 - -11. Suppose 4*g - 31 = 3*l - 0*l, 0 = 3*l - d. List the prime factors of g.
2, 5
What are the prime factors of 6/(-33) + (-510)/(-22)?
23
Let l = -3 + 7. Suppose -3*b + j - 30 = l*j, -12 = 3*b - 3*j. Let k(i) = -i**3 - 6*i**2 + 7*i + 3. What are the prime factors of k(b)?
3
Let w(r) be the third derivative of 7*r**4/24 - r**3 - 3*r**2. What are the prime factors of w(4)?
2, 11
Suppose 36 = 3*i - b - 0*b, -2*i + 4*b + 14 = 0. Suppose 4*h = i + 7. List the prime factors of h.
5
Suppose -3*j + j = 10. Let i(v) = -2*v - 5. List the prime factors of i(j).
5
Let r(a) = a**2 + 5*a + 1. Let c be r(-5). List the prime factors of -1*3 + (c - -7).
5
Let f = 5 + -11. What are the prime factors of 9 - (2 + f/3)?
3
Suppose 0 = 3*h - 5 - 7. Suppose h*k - 4 = -8. List the prime factors of k/(-5) + (-58)/(-10).
2, 3
Let o = -18 + 36. What are the prime factors of o?
2, 3
Suppose 3*x - 11 + 5 = 0. Suppose -3*o = 2*r - 36, 5*o - 73 = x*r - r. List the prime factors of o.
2, 7
Let b = 12 + -5. What are the prime factors of b?
7
Let z = -142 + 271. What are the prime factors of z?
3, 43
Suppose 2*l = -8 + 40. What are the prime factors of ((-18)/(-4))/(4/l)?
2, 3
Let o(q) = q**2 - 1. Let z(u) = 3*u**2 + u - 1. Let a be z(1). Suppose 0*j + 4*f = j + a, 5*j + 4*f + 15 = 0. What are the prime factors of o(j)?
2
Suppose 2*n - 5*n = 3*w - 12, 0 = w - 3*n. What are the prime factors of (-7 + w + 2)*-16?
2
What are the prime factors of ((-38)/(-4))/(1/(-2))*-1?
19
Let g be (1/((-1)/(-3)))/1. Suppose 8*l - 104 = -3*s + g*l, -3 = -3*l. Suppose -3*a + 6*a - s = 0. What are the prime factors of a?
11
Let n = 21 + -71. Let y = -18 - n. List the prime factors of y.
2
Suppose 5*z + h - 12 = 4, 4*z - 4*h - 32 = 0. List the prime factors of (190/z)/(-5)*-2.
19
Suppose 2 = v - 0. Suppose 18 - 2 = v*z. What are the prime factors of z?
2
What are the prime factors of 3 + (-3 - -3) + 46?
7
Suppose 110 = 3*y - 0*a - a, 185 = 5*y - 2*a. What are the prime factors of y?
5, 7
Let m(o) = o**3 - 3*o**2 + 3. Let u be m(3). Let a be u + (-3)/(-1) + -2. Suppose a*i - 19 = -3*s, -3*s = -s - 4*i - 26. List the prime factors of s.
3
Let c = -7 + 12. Suppose -9 = a - c*w, -3*a + 5*w = 7*w - 58. List the prime factors of a.
2
List the prime factors of (-995)/(-20) - (-6)/(-8).
7
Let o be 291/15 - (-3)/5. Let k be (-8)/(-36) + o/(-9). Let c(w) = 3*w**2 + 3*w + 2. List the prime factors of c(k).
2
Let m = 220 + -343. Let b = 172 + m. What are the prime factors of b?
7
Suppose 79 = d - u, 2*d + 0*u + 5*u - 172 = 0. List the prime factors of d.
3
Let s = 547 - 323. What are the prime factors of s?
2, 7
Suppose 6 = 2*x + x. Suppose 10 = x*j + 2, -3*h = 3*j - 18. List the prime factors of h.
2
Let k = -21 - -62. List the prime factors of k.
41
Let g = -13 + 6. Let o = 3 - g. What are the prime factors of o?
2, 5
What are the prime factors of (-64)/16 + 1*8?
2
Suppose 3*i = i + 304. Suppose 10 = -2*p + 5*v, 6*p = 3*p + 5*v - 15. List the prime factors of i/20 - 2/p.
2
Suppose -3*b + 67 = -32. List the prime factors of b.
3, 11
Let x be (-3)/(-9)*3 + -1. Suppose -8